+ 3*k + 10 - 4/3*k**3. Let h(y) be the first derivative of m(y). What is h(3)?
-20
Let x(m) be the first derivative of -4*m**2 + 1/4*m**4 + 16 - 2*m**3 + 0*m. Suppose 0 = -2*f - 3*l + 8, -3*f + 13 = -0*f + 4*l. Give x(f).
-7
Let v(b) = -4*b - 22. Let a(c) = -66*c + 584. Let j(u) = -a(u) - 4*v(u). What is j(6)?
-4
Let a(s) be the second derivative of 5*s**2 + 0 + 1/24*s**4 + 13*s + 1/3*s**3 - 1/60*s**5. Let u(r) be the first derivative of a(r). What is u(4)?
-10
Suppose -33*v - 1561 = -1396. Let m(p) = 2*p**2 - p - 10. Calculate m(v).
45
Let a = 1640 + -1637. Let n(q) = 10*q - 11. Calculate n(a).
19
Let i(m) = m - 4. Let t(k) = -15*k - 18. Let a(d) = -34*d - 40. Let h(w) = -7*a(w) + 16*t(w). Suppose -s + 12 = -4*s. Let y be h(s). Calculate i(y).
-4
Let s(o) = 5*o - 6*o**2 + o**2 + 149 + 156 - 303 + o**3. Suppose 1 = 2*j - 7. Calculate s(j).
6
Let h = 13 - 10. Let i(d) be the third derivative of 2/3*d**3 - 30*d**2 + 0*d - 1/60*d**5 + 0 + 0*d**4. Give i(h).
-5
Let o(a) = 5*a**3 - 58*a**2 - 12*a - 31. Let g(j) = 9*j**3 - 115*j**2 - 29*j - 62. Let x(s) = -3*g(s) + 5*o(s). Give x(28).
3
Let s(u) = -6*u + 3. Let t(b) = -9*b + 5. Let p(o) = o**3 + 10*o**2 - 25*o - 20. Let k be p(-12). Let g(c) = k*s(c) + 5*t(c). What is g(6)?
19
Let c(x) = -x + 23. Let s = 803 - 810. Let b(m) = 2*m - 51. Let j(d) = s*c(d) - 3*b(d). Calculate j(-7).
-15
Suppose 2*i - 5*l - 15 = 0, 2*l - 3 = 5*i + 12. Let w be 36/4 + (i - -3). Let b(n) = 9 - w + 6 + 2*n. Give b(-8).
-8
Suppose -1 - 1 = -2*q, -y = -5*q. Let l = 594 - 506. Let b(k) = -l + 12*k**2 + 95 + 2*k - 11*k**2 - 10*k. Give b(y).
-8
Let i = 44078 - 44089. Let k(g) = 2*g + 3. Let d(l) = -6*l - 9. Let x(h) = 3*d(h) + 8*k(h). Give x(i).
19
Let p(l) = -l. Suppose 0 = -3*c - 7*c + 30. Let o be (-4)/(-2) + c + -39. Let f be (-686)/238 - (-4)/o. Calculate p(f).
3
Let h(c) = 9*c + 55. Let y(w) = -25*w - 230. Let t be y(-9). Give h(t).
10
Let s be -3 + ((-3)/4 - 30/(-8)). Suppose -5*q - 4*g - 2 = s, 3*q + 11 = 4*g + 29. Let u(n) be the first derivative of 2*n**3 - 2*n**2 + 2*n + 1. What is u(q)?
18
Let t(g) = -325*g - 1. Let l(m) = 864*m + 4. Let w(b) = 3*l(b) + 8*t(b). What is w(5)?
-36
Let s(a) = -20189 + 20186 - 19*a + 22*a. What is s(4)?
9
Let d(k) = 5*k**2 + 11*k + 4. Let b be (-3)/(-18)*-2*(87 + -81). Give d(b).
2
Let z = 200 + -200. Let r(w) = -w**2 + 11*w + 4. Let a be r(11). Let x(o) = o + a - 4 - 5. Determine x(z).
-5
Let l(x) = 7*x - 31. Let j(t) = -2*t - 18. Let k(b) = -j(b) - l(b). What is k(10)?
-1
Let v = 25 + -19. Let a(n) = 10 - 1 - 2*n - v. Determine a(4).
-5
Let j(c) = -392*c**2 + 396*c**2 + 3*c**3 - 2 - 2*c**3. Let n = -3 - 0. Calculate j(n).
7
Let a be -7 + ((-39)/(-65))/(42/15 + -3). Let i(u) = -u**3 - 10*u**2 + 3*u + 17. Give i(a).
-13
Let s(t) = 205*t - 1230. Let m be s(6). Let p(y) be the third derivative of 0 - 1/60*y**5 + m*y - 1/4*y**4 + 17*y**2 + 0*y**3. What is p(-7)?
-7
Let d(x) = x**3 + 10*x**2 + 2*x + 14. Let p = -538 + 538. Suppose 28*q + 81 + 199 = p. Determine d(q).
-6
Let t(f) be the first derivative of -f**2 - 1/4*f**4 + 6*f + 21 + 4/3*f**3. Suppose 2*m + 6 = 14. What is t(m)?
-2
Let g(c) = -32750 + 9*c + 2*c**2 + 32813 - 3*c**2. Calculate g(-5).
-7
Suppose 0 = 3*q - 5*q, 3*v = 4*q + 9. Let s(h) = 3*h**2 - 3*h - 12. Let w be s(v). Let p(o) be the first derivative of o**3/3 - 2*o**2 + 2. What is p(w)?
12
Let u(s) = -s**2 - 84*s + 165. Let f be u(2). Let d(j) = j**3 + 7*j**2 - j - 25. Give d(f).
-18
Let q(w) = w**3 - 3*w**2 - 5*w + 5. Let h = 4 + -2. Let s be (-3)/((-6)/4)*h. Suppose -2*j - 19 = -5*y - 3, -s*j = -y - 4. Give q(y).
1
Let w(p) = 7 - 3*p**3 + 2*p**3 + 2*p**3 - 13*p + 11*p - 7*p**2 + 0*p**3. What is w(5)?
-53
Suppose -4*g - 3*x = -16, 8*g = 3*g - 2*x + 13. Suppose 3*i - 4*j = -g, 0 = -i + 3*j + 3 - 5. Let z(b) = -7*b**3 + 9*b**3 + 10*b**2 - 11*b**2. What is z(i)?
1
Suppose 0 = z - 5*z. Suppose -4*m + 23 - 7 = z. Let v(w) be the third derivative of w**5/60 - w**4/4 + w**3/6 + 946*w**2. Determine v(m).
-7
Let n = -13840 + 13843. Let j(k) = 10*k - 17. What is j(n)?
13
Let p(n) be the first derivative of -n**4/4 + 10*n**3/3 - 3*n**2/2 + 19*n + 2816. Calculate p(10).
-11
Let s(u) be the second derivative of -u**5/20 - 5*u**4/12 - 5*u**3/6 - 3*u**2 + 14*u. Let j(b) = -3*b**3 + 42*b**2 - 4. Let h be j(14). Give s(h).
-2
Let t(j) = 1 - 2 + 36*j + 43*j - 73*j - 1. Let u(g) = 5*g - 1. Let o(h) = t(h) - 3*u(h). Determine o(-1).
10
Let s(l) = 20*l**2 + 89*l + 49. Let a(d) = 7*d**2 + 31*d + 17. Let t(w) = 17*a(w) - 6*s(w). Suppose 13 = -3*z - 2. Determine t(z).
5
Let t(o) = o**2 - 2*o + 10. Suppose 0*s - 5*b = 5*s - 530, 558 = 5*s - 2*b. Suppose -v = s - 110. Calculate t(v).
10
Let p(o) be the first derivative of -o**4/4 - 2*o**3 - 5*o**2/2 + 2*o - 17. Let m be (-65)/20 - (-6)/(-8). Calculate p(m).
-10
Let d(x) = -x**3 + 4*x**2 + x + 1. Let q(f) = 4*f**2 + 32*f - 6. Let r be q(-7). Let s = -29 - r. What is d(s)?
-19
Let h(l) be the second derivative of -16*l + 3/2*l**2 + 1/4*l**4 + 0 + 0*l**3 + 1/60*l**5. Let j(v) be the first derivative of h(v). Give j(-5).
-5
Let y(g) be the third derivative of 113*g**2 + 0 + 1/4*g**4 + 0*g - 1/2*g**3 + 1/60*g**5. Determine y(-7).
4
Let j = 10 - 14. Let t(d) = -d**3 - 3*d**2 - 6*d - 7. Let c(s) = -8 - s**3 + 1 - 2*s**2 - 2*s**2 + 4*s - 11*s. Let v(x) = j*c(x) + 3*t(x). Calculate v(-6).
-17
Let i(p) be the second derivative of -59*p - 7/2*p**2 + 0 + 1/12*p**4 - 1/6*p**3. Give i(-5).
23
Let t(b) = 47*b**2 + 6*b + 8. Let n(y) = 24*y**2 + 3*y + 5. Let x(o) = -5*n(o) + 3*t(o). Calculate x(2).
89
Let o(c) = -c**2 - 7*c - 5. Let q(i) = -3*i**3 + 15*i**2 + i - 5. Let a be q(5). Suppose -5*u - 4*t - 38 = a, -3*t - 7 = -1. What is o(u)?
1
Suppose 2*b - 63 = k, 2*k - 60 = -2*b + 4*k. Let w be (8 - 23)*(-21)/9. Suppose -b*f = -w*f + 2. Let j(x) = -8*x**2 - x. What is j(f)?
-9
Let d be 45/(-35) + (-170)/238. Let m(k) be the second derivative of k + 0*k**2 - 2/3*k**3 + 0. Calculate m(d).
8
Let y(k) be the third derivative of k**6/120 + 13*k**5/60 + 5*k**4/12 - 1200*k**2. What is y(-12)?
24
Let l(s) be the second derivative of 5*s + 3/2*s**3 - 1/12*s**4 + 3*s**2 + 0. Determine l(7).
20
Let o(b) = 61*b**2 - 16*b - 16. Let s(p) = 12*p**2 - 3*p - 3. Let g = 87 - 92. Let a be (22/g)/((-10)/25). Let r(w) = a*s(w) - 2*o(w). What is r(-1)?
10
Suppose -537 = 10*a - 637. Let i(j) = -40*j + 403. Calculate i(a).
3
Let z(n) = n - 2 - 4 + 2 + 10. Let s be 6*(-1 - (1 + -3)). Determine z(s).
12
Let z be 1 + 2 + -23 + 19 + 2. Let g(l) = -3*l + 2. Calculate g(z).
-1
Let t(f) = 0*f**2 - 414*f**3 + 4*f + 416*f**3 - 8*f**2 - 3*f**2 - 1 + f**2. What is t(5)?
19
Let s(y) = 529*y - 273. Let k(c) = 147*c - 78. Let z(w) = -18*k(w) + 5*s(w). Calculate z(12).
27
Let u(z) = -1 - 8*z + 2 + 5*z - 8*z. Suppose -554 = -3*p - 548. Calculate u(p).
-21
Let j(i) = -3*i - 1. Let u(t) = -5*t - 3. Let g(d) = 2*j(d) - u(d). Let r(n) = n**3 - 8*n**2 + 13*n - 3. Let h(l) = 6*g(l) + r(l). What is h(7)?
3
Let l(x) = x**3 + x**2 - 1. Let r(w) = 10*w**3 + w**2 + 9*w - 26. Let n(b) = 9*l(b) - r(b). Calculate n(7).
3
Let k(c) = -360*c**2 + 29*c - 297*c**2 + 659*c**2 + 12. Determine k(-12).
-48
Let n(j) = 2*j**3 - 245*j**2 - 3972*j - 135. Let u be n(137). Let y(p) be the second derivative of p**5/10 - p**4/3 + p**3/6 + 2*p**2 + p. What is y(u)?
6
Let v(n) = -n + 4*n**2 + 4 - 6 - 3*n**2 + 1 + 0. Let d(y) be the second derivative of -5*y**4/12 - y**3/3 - y. Let m(i) = -d(i) - 3*v(i). Calculate m(-3).
6
Let g(j) = -j**2 + 6*j - 4. Suppose -203 - 195 = -398*t. Determine g(t).
1
Let n(m) = -11*m**3 - 13*m**2 - 1. Let t be n(-1). Let x(d) = -4*d + 5. What is x(t)?
17
Let c(o) = -2*o**3 - 8*o**2 + 9*o - 12. Let i = 599 + -604. Calculate c(i).
-7
Let p(o) = -79*o**2 + 2*o + 156*o**2 - 76*o**2. Suppose 10*a + 11 = 11*a. Suppose 0 = 4*n - a + 27. What is p(n)?
8
Let u = -11 - -16. Suppose 2*v = -u + 15. Let d(x) = 0 - x**2 - 6 + 5*x + 12 - 11. Calculate d(v).
-5
Let c be (-20)/(-5) + -2 - (91/(-7))/13. Let n(h) be the second derivative of -3*h - 1/6*h**c + 0 - 1/2*h**2. Calculate n(7).
-8
Let k(r) = r - 10. Suppose -z = -4*v + 129, -2*v - 4*z = -2*z - 52. Let u = -28 + v. Suppose 0 = u*i - 6*i + 21. Give k(i).
-3
Suppose -4*h + 8*h + 16 = -3*a, -3*a + 12 = -3*h. Let f(w) = -3*w**3 - 10*w**2 + 11*w + 8. Let c be f(h). Let 